{"id":1000,"date":"2021-03-05T09:03:15","date_gmt":"2021-03-05T12:03:15","guid":{"rendered":"https:\/\/uplanguage.com\/toeic\/?page_id=1000"},"modified":"2022-04-17T10:01:55","modified_gmt":"2022-04-17T13:01:55","slug":"toeic-speaking-e-writing","status":"publish","type":"page","link":"https:\/\/uplanguage.com\/toeic\/toeic-speaking-e-writing\/","title":{"rendered":"TOEIC\u00ae Speaking e Writing"},"content":{"rendered":"\t\t<div data-elementor-type=\"wp-page\" data-elementor-id=\"1000\" class=\"elementor elementor-1000\" data-elementor-post-type=\"page\">\n\t\t\t\t\t\t<section class=\"elementor-section elementor-top-section elementor-element elementor-element-b198a1d elementor-section-boxed elementor-section-height-default elementor-section-height-default\" data-id=\"b198a1d\" data-element_type=\"section\">\n\t\t\t\t\t\t<div class=\"elementor-container elementor-column-gap-default\">\n\t\t\t\t\t<div class=\"elementor-column elementor-col-100 elementor-top-column elementor-element elementor-element-ad2ce6f\" data-id=\"ad2ce6f\" data-element_type=\"column\">\n\t\t\t<div class=\"elementor-widget-wrap elementor-element-populated\">\n\t\t\t\t\t\t<div class=\"elementor-element elementor-element-20193a7 elementor-widget elementor-widget-heading\" data-id=\"20193a7\" data-element_type=\"widget\" data-widget_type=\"heading.default\">\n\t\t\t\t\t<h2 class=\"elementor-heading-title elementor-size-default\">A excel\u00eancia comprovada atrav\u00e9s da certifica\u00e7\u00e3o internacional.<\/h2>\t\t\t\t<\/div>\n\t\t\t\t<div class=\"elementor-element elementor-element-c45ca29 elementor-widget elementor-widget-heading\" data-id=\"c45ca29\" data-element_type=\"widget\" data-widget_type=\"heading.default\">\n\t\t\t\t\t<h2 class=\"elementor-heading-title elementor-size-default\">S\u00e3o as suas decis\u00f5es e n\u00e3o as suas condi\u00e7\u00f5es, que determinam seu destino.<\/h2>\t\t\t\t<\/div>\n\t\t\t\t\t<\/div>\n\t\t<\/div>\n\t\t\t\t\t<\/div>\n\t\t<\/section>\n\t\t\t\t<section class=\"elementor-section elementor-top-section elementor-element elementor-element-8960c64 elementor-section-boxed elementor-section-height-default elementor-section-height-default\" data-id=\"8960c64\" data-element_type=\"section\">\n\t\t\t\t\t\t<div class=\"elementor-container elementor-column-gap-default\">\n\t\t\t\t\t<div class=\"elementor-column elementor-col-50 elementor-top-column elementor-element elementor-element-6165230\" data-id=\"6165230\" data-element_type=\"column\">\n\t\t\t<div class=\"elementor-widget-wrap elementor-element-populated\">\n\t\t\t\t\t\t<div class=\"elementor-element elementor-element-f300863 elementor-widget elementor-widget-image\" data-id=\"f300863\" data-element_type=\"widget\" data-widget_type=\"image.default\">\n\t\t\t\t\t\t\t\t\t\t\t\t\t\t\t<img fetchpriority=\"high\" decoding=\"async\" width=\"530\" height=\"420\" src=\"https:\/\/uplanguage.com\/toeic\/wp-content\/uploads\/2021\/03\/blog_2.jpg\" class=\"attachment-large size-large wp-image-730\" alt=\"toeic brasil uplanguage exame toeic no brasil\" srcset=\"https:\/\/uplanguage.com\/toeic\/wp-content\/uploads\/2021\/03\/blog_2.jpg 530w, https:\/\/uplanguage.com\/toeic\/wp-content\/uploads\/2021\/03\/blog_2-300x238.jpg 300w\" sizes=\"(max-width: 530px) 100vw, 530px\" \/>\t\t\t\t\t\t\t\t\t\t\t\t\t\t\t<\/div>\n\t\t\t\t\t<\/div>\n\t\t<\/div>\n\t\t\t\t<div class=\"elementor-column elementor-col-50 elementor-top-column elementor-element elementor-element-462b753\" data-id=\"462b753\" data-element_type=\"column\">\n\t\t\t<div class=\"elementor-widget-wrap elementor-element-populated\">\n\t\t\t\t\t\t<div class=\"elementor-element elementor-element-12e051d elementor-widget elementor-widget-heading\" data-id=\"12e051d\" data-element_type=\"widget\" data-widget_type=\"heading.default\">\n\t\t\t\t\t<h2 class=\"elementor-heading-title elementor-size-default\">TOEIC<sup>\u00ae<\/sup> Speaking e Writing<\/h2>\t\t\t\t<\/div>\n\t\t\t\t<div class=\"elementor-element elementor-element-1d2dcc9 elementor-widget elementor-widget-text-editor\" data-id=\"1d2dcc9\" data-element_type=\"widget\" data-widget_type=\"text-editor.default\">\n\t\t\t\t\t\t\t\t\tO TOEIC SW \u00e9 utilizado por mais de 14.000 empresas, ag\u00eancias governamentais e programas de idiomas em mais de 150 pa\u00edses. Mais de 8 milh\u00f5es de testes foram aplicados em 2014.\n\nO Teste TOEIC<sup>\u00ae<\/sup> avalia as compet\u00eancias lingu\u00edsticas que s\u00e3o utilizadas na vida di\u00e1ria e no ambiente de trabalho. Os avaliados falam e escrevem em ingl\u00eas suas respostas a quest\u00f5es e cen\u00e1rios que simulam situa\u00e7\u00f5es da vida real. Os testes utilizam vocabul\u00e1rio, frases e express\u00f5es chave comuns, utilizadas cotidianamente no mundo dos neg\u00f3cios. Voc\u00ea n\u00e3o precisa de conhecimentos de neg\u00f3cio espec\u00edficos para ir bem do teste.\t\t\t\t\t\t\t\t<\/div>\n\t\t\t\t<div class=\"elementor-element elementor-element-60bc10d elementor-widget elementor-widget-heading\" data-id=\"60bc10d\" data-element_type=\"widget\" data-widget_type=\"heading.default\">\n\t\t\t\t\t<h2 class=\"elementor-heading-title elementor-size-default\">Estrutura do Teste<\/h2>\t\t\t\t<\/div>\n\t\t\t\t<div class=\"elementor-element elementor-element-b719cf9 elementor-widget elementor-widget-toggle\" data-id=\"b719cf9\" data-element_type=\"widget\" data-widget_type=\"toggle.default\">\n\t\t\t\t\t\t\t<div class=\"elementor-toggle\">\n\t\t\t\t\t\t\t<div class=\"elementor-toggle-item\">\n\t\t\t\t\t<div id=\"elementor-tab-title-1911\" class=\"elementor-tab-title\" data-tab=\"1\" role=\"button\" aria-controls=\"elementor-tab-content-1911\" aria-expanded=\"false\">\n\t\t\t\t\t\t\t\t\t\t\t\t<span class=\"elementor-toggle-icon elementor-toggle-icon-left\" aria-hidden=\"true\">\n\t\t\t\t\t\t\t\t\t\t\t\t\t\t\t<span class=\"elementor-toggle-icon-closed\"><svg class=\"e-font-icon-svg e-fas-caret-right\" viewBox=\"0 0 192 512\" xmlns=\"http:\/\/www.w3.org\/2000\/svg\"><path d=\"M0 384.662V127.338c0-17.818 21.543-26.741 34.142-14.142l128.662 128.662c7.81 7.81 7.81 20.474 0 28.284L34.142 398.804C21.543 411.404 0 402.48 0 384.662z\"><\/path><\/svg><\/span>\n\t\t\t\t\t\t\t\t<span class=\"elementor-toggle-icon-opened\"><svg class=\"elementor-toggle-icon-opened e-font-icon-svg e-fas-caret-up\" viewBox=\"0 0 320 512\" xmlns=\"http:\/\/www.w3.org\/2000\/svg\"><path d=\"M288.662 352H31.338c-17.818 0-26.741-21.543-14.142-34.142l128.662-128.662c7.81-7.81 20.474-7.81 28.284 0l128.662 128.662c12.6 12.599 3.676 34.142-14.142 34.142z\"><\/path><\/svg><\/span>\n\t\t\t\t\t\t\t\t\t\t\t\t\t<\/span>\n\t\t\t\t\t\t\t\t\t\t\t\t<a class=\"elementor-toggle-title\" tabindex=\"0\">TOEIC Speaking Test<\/a>\n\t\t\t\t\t<\/div>\n\n\t\t\t\t\t<div id=\"elementor-tab-content-1911\" class=\"elementor-tab-content elementor-clearfix\" data-tab=\"1\" role=\"region\" aria-labelledby=\"elementor-tab-title-1911\"><p><strong>Conte\u00fado:<\/strong>\u00a011 quest\u00f5es<br \/><strong>Tempo:<\/strong>\u00a0aproximadamente 20 minutos<br \/><strong>Escala de pontua\u00e7\u00e3o:<\/strong>\u00a00 \u2013 200<\/p><p>Segue abaixo um panorama do TOEIC Speaking Test, o qual inclui 11 quest\u00f5es que mensuram v\u00e1rios aspectos de sua habilidade para falar ingl\u00eas. Para cada quest\u00e3o, voc\u00ea receber\u00e1 instru\u00e7\u00f5es espec\u00edficas, incluindo o tempo permitido para preparar e falar sua resposta. \u00c9 vantajoso falar o m\u00e1ximo que voc\u00ea puder dentro do tempo estipulado. \u00c9 tamb\u00e9m importante que voc\u00ea fale claramente e responda a cada quest\u00e3o de acordo com as instru\u00e7\u00f5es. O teste dura cerca de 20 minutos.<\/p><\/div>\n\t\t\t\t<\/div>\n\t\t\t\t\t\t\t<div class=\"elementor-toggle-item\">\n\t\t\t\t\t<div id=\"elementor-tab-title-1912\" class=\"elementor-tab-title\" data-tab=\"2\" role=\"button\" aria-controls=\"elementor-tab-content-1912\" aria-expanded=\"false\">\n\t\t\t\t\t\t\t\t\t\t\t\t<span class=\"elementor-toggle-icon elementor-toggle-icon-left\" aria-hidden=\"true\">\n\t\t\t\t\t\t\t\t\t\t\t\t\t\t\t<span class=\"elementor-toggle-icon-closed\"><svg class=\"e-font-icon-svg e-fas-caret-right\" viewBox=\"0 0 192 512\" xmlns=\"http:\/\/www.w3.org\/2000\/svg\"><path d=\"M0 384.662V127.338c0-17.818 21.543-26.741 34.142-14.142l128.662 128.662c7.81 7.81 7.81 20.474 0 28.284L34.142 398.804C21.543 411.404 0 402.48 0 384.662z\"><\/path><\/svg><\/span>\n\t\t\t\t\t\t\t\t<span class=\"elementor-toggle-icon-opened\"><svg class=\"elementor-toggle-icon-opened e-font-icon-svg e-fas-caret-up\" viewBox=\"0 0 320 512\" xmlns=\"http:\/\/www.w3.org\/2000\/svg\"><path d=\"M288.662 352H31.338c-17.818 0-26.741-21.543-14.142-34.142l128.662-128.662c7.81-7.81 20.474-7.81 28.284 0l128.662 128.662c12.6 12.599 3.676 34.142-14.142 34.142z\"><\/path><\/svg><\/span>\n\t\t\t\t\t\t\t\t\t\t\t\t\t<\/span>\n\t\t\t\t\t\t\t\t\t\t\t\t<a class=\"elementor-toggle-title\" tabindex=\"0\">TOEIC Writing Test<\/a>\n\t\t\t\t\t<\/div>\n\n\t\t\t\t\t<div id=\"elementor-tab-content-1912\" class=\"elementor-tab-content elementor-clearfix\" data-tab=\"2\" role=\"region\" aria-labelledby=\"elementor-tab-title-1912\"><p><strong>Conte\u00fado:<\/strong>\u00a08 quest\u00f5es<br \/><strong>Tempo:<\/strong>\u00a0aproximadamente 60 minutos<br \/><strong>Escala de pontua\u00e7\u00e3o:<\/strong>\u00a00 \u2013 200<\/p><p>Segue abaixo um panorama do TOEIC Writing Test, o qual inclui 8 quest\u00f5es que mensuram v\u00e1rios aspectos de sua habilidade para escrever em ingl\u00eas e dura cerca de uma hora. Para cada quest\u00e3o, voc\u00ea receber\u00e1 instru\u00e7\u00f5es espec\u00edficas, incluindo o tempo permitido para redigir resposta.<\/p><\/div>\n\t\t\t\t<\/div>\n\t\t\t\t\t\t\t<div class=\"elementor-toggle-item\">\n\t\t\t\t\t<div id=\"elementor-tab-title-1913\" class=\"elementor-tab-title\" data-tab=\"3\" role=\"button\" aria-controls=\"elementor-tab-content-1913\" aria-expanded=\"false\">\n\t\t\t\t\t\t\t\t\t\t\t\t<span class=\"elementor-toggle-icon elementor-toggle-icon-left\" aria-hidden=\"true\">\n\t\t\t\t\t\t\t\t\t\t\t\t\t\t\t<span class=\"elementor-toggle-icon-closed\"><svg class=\"e-font-icon-svg e-fas-caret-right\" viewBox=\"0 0 192 512\" xmlns=\"http:\/\/www.w3.org\/2000\/svg\"><path d=\"M0 384.662V127.338c0-17.818 21.543-26.741 34.142-14.142l128.662 128.662c7.81 7.81 7.81 20.474 0 28.284L34.142 398.804C21.543 411.404 0 402.48 0 384.662z\"><\/path><\/svg><\/span>\n\t\t\t\t\t\t\t\t<span class=\"elementor-toggle-icon-opened\"><svg class=\"elementor-toggle-icon-opened e-font-icon-svg e-fas-caret-up\" viewBox=\"0 0 320 512\" xmlns=\"http:\/\/www.w3.org\/2000\/svg\"><path d=\"M288.662 352H31.338c-17.818 0-26.741-21.543-14.142-34.142l128.662-128.662c7.81-7.81 20.474-7.81 28.284 0l128.662 128.662c12.6 12.599 3.676 34.142-14.142 34.142z\"><\/path><\/svg><\/span>\n\t\t\t\t\t\t\t\t\t\t\t\t\t<\/span>\n\t\t\t\t\t\t\t\t\t\t\t\t<a class=\"elementor-toggle-title\" tabindex=\"0\">Examinee Handbook<\/a>\n\t\t\t\t\t<\/div>\n\n\t\t\t\t\t<div id=\"elementor-tab-content-1913\" class=\"elementor-tab-content elementor-clearfix\" data-tab=\"3\" role=\"region\" aria-labelledby=\"elementor-tab-title-1913\"><p>Manual do avaliando <a href=\"https:\/\/www.ets.org\/s\/toeic\/pdf\/speaking-writing-examinee-handbook.pdf\" target=\"_blank\" rel=\"noopener\">Clique aqui<\/a><\/p><\/div>\n\t\t\t\t<\/div>\n\t\t\t\t\t\t\t<div class=\"elementor-toggle-item\">\n\t\t\t\t\t<div id=\"elementor-tab-title-1914\" class=\"elementor-tab-title\" data-tab=\"4\" role=\"button\" aria-controls=\"elementor-tab-content-1914\" aria-expanded=\"false\">\n\t\t\t\t\t\t\t\t\t\t\t\t<span class=\"elementor-toggle-icon elementor-toggle-icon-left\" aria-hidden=\"true\">\n\t\t\t\t\t\t\t\t\t\t\t\t\t\t\t<span class=\"elementor-toggle-icon-closed\"><svg class=\"e-font-icon-svg e-fas-caret-right\" viewBox=\"0 0 192 512\" xmlns=\"http:\/\/www.w3.org\/2000\/svg\"><path d=\"M0 384.662V127.338c0-17.818 21.543-26.741 34.142-14.142l128.662 128.662c7.81 7.81 7.81 20.474 0 28.284L34.142 398.804C21.543 411.404 0 402.48 0 384.662z\"><\/path><\/svg><\/span>\n\t\t\t\t\t\t\t\t<span class=\"elementor-toggle-icon-opened\"><svg class=\"elementor-toggle-icon-opened e-font-icon-svg e-fas-caret-up\" viewBox=\"0 0 320 512\" xmlns=\"http:\/\/www.w3.org\/2000\/svg\"><path d=\"M288.662 352H31.338c-17.818 0-26.741-21.543-14.142-34.142l128.662-128.662c7.81-7.81 20.474-7.81 28.284 0l128.662 128.662c12.6 12.599 3.676 34.142-14.142 34.142z\"><\/path><\/svg><\/span>\n\t\t\t\t\t\t\t\t\t\t\t\t\t<\/span>\n\t\t\t\t\t\t\t\t\t\t\t\t<a class=\"elementor-toggle-title\" tabindex=\"0\">Agende seu Teste<\/a>\n\t\t\t\t\t<\/div>\n\n\t\t\t\t\t<div id=\"elementor-tab-content-1914\" class=\"elementor-tab-content elementor-clearfix\" data-tab=\"4\" role=\"region\" aria-labelledby=\"elementor-tab-title-1914\"><p>A UP Language realiza uma sess\u00e3o de aplica\u00e7\u00e3o do&nbsp;<em><strong>Teste TOEIC<\/strong><\/em><strong><em>\u00ae<\/em><\/strong><em><strong>&nbsp;<\/strong><\/em>Speaking &amp; Writing por m\u00eas, em nosso centro de aplica\u00e7\u00f5es em S\u00e3o Paulo e Belo Horizonte,<\/p>\n<p>Voc\u00ea pode agendar somente o &nbsp;<em><strong>TOEIC\u00ae<\/strong><\/em> Speaking ou somente o Writing.<\/p>\n<p align=\"justify\">Voc\u00ea poder\u00e1 fazer seu agendamento com at\u00e9 duas semanas de anteced\u00eancia. O prazo de entrega do certificado \u00e9 de duas semanas, a contar da data de realiza\u00e7\u00e3o do teste.<br>Para agendar seu&nbsp;<em><strong>Teste TOEIC\u00ae S&amp;W,&nbsp;<\/strong>ligue para<\/em>&nbsp; <strong>(11) 3654-1322<\/strong><br>Se preferir, envie um e-mail&nbsp; para <strong>agendamento@uplanguage.com<\/strong><\/p>\n<p align=\"justify\">O investimento para realizar seu Teste TOEIC\u00ae S&amp;W \u00e9 de R$ 650,00 que contempla o envio do score roster (resultado eletr\u00f4nico) e score report (resultado impresso).<\/p><\/div>\n\t\t\t\t<\/div>\n\t\t\t\t\t\t\t\t<\/div>\n\t\t\t\t\t\t<\/div>\n\t\t\t\t\t<\/div>\n\t\t<\/div>\n\t\t\t\t\t<\/div>\n\t\t<\/section>\n\t\t\t\t<\/div>\n\t\t","protected":false},"excerpt":{"rendered":"<p>A excel\u00eancia comprovada atrav\u00e9s da certifica\u00e7\u00e3o internacional. S\u00e3o as suas decis\u00f5es e n\u00e3o as suas condi\u00e7\u00f5es, que determinam seu destino. TOEIC\u00ae Speaking e Writing O TOEIC SW \u00e9 utilizado por mais de 14.000 empresas, ag\u00eancias governamentais e programas de idiomas em mais de 150 pa\u00edses. Mais de 8 milh\u00f5es de testes foram aplicados em 2014. [&hellip;]<\/p>\n","protected":false},"author":1,"featured_media":0,"parent":0,"menu_order":0,"comment_status":"closed","ping_status":"closed","template":"elementor_header_footer","meta":{"_monsterinsights_skip_tracking":false,"_monsterinsights_sitenote_active":false,"_monsterinsights_sitenote_note":"","_monsterinsights_sitenote_category":0,"footnotes":""},"class_list":["post-1000","page","type-page","status-publish","hentry","entry"],"aioseo_notices":[],"_links":{"self":[{"href":"https:\/\/uplanguage.com\/toeic\/wp-json\/wp\/v2\/pages\/1000","targetHints":{"allow":["GET"]}}],"collection":[{"href":"https:\/\/uplanguage.com\/toeic\/wp-json\/wp\/v2\/pages"}],"about":[{"href":"https:\/\/uplanguage.com\/toeic\/wp-json\/wp\/v2\/types\/page"}],"author":[{"embeddable":true,"href":"https:\/\/uplanguage.com\/toeic\/wp-json\/wp\/v2\/users\/1"}],"replies":[{"embeddable":true,"href":"https:\/\/uplanguage.com\/toeic\/wp-json\/wp\/v2\/comments?post=1000"}],"version-history":[{"count":11,"href":"https:\/\/uplanguage.com\/toeic\/wp-json\/wp\/v2\/pages\/1000\/revisions"}],"predecessor-version":[{"id":1571,"href":"https:\/\/uplanguage.com\/toeic\/wp-json\/wp\/v2\/pages\/1000\/revisions\/1571"}],"wp:attachment":[{"href":"https:\/\/uplanguage.com\/toeic\/wp-json\/wp\/v2\/media?parent=1000"}],"curies":[{"name":"wp","href":"https:\/\/api.w.org\/{rel}","templated":true}]}}