{"id":995,"date":"2021-03-05T08:59:41","date_gmt":"2021-03-05T11:59:41","guid":{"rendered":"https:\/\/uplanguage.com\/toeic\/?page_id=995"},"modified":"2022-04-12T14:35:17","modified_gmt":"2022-04-12T17:35:17","slug":"toeic-listening-reading","status":"publish","type":"page","link":"https:\/\/uplanguage.com\/toeic\/toeic-listening-reading\/","title":{"rendered":"TOEIC\u00ae Listening &#038; Reading"},"content":{"rendered":"\t\t<div data-elementor-type=\"wp-page\" data-elementor-id=\"995\" class=\"elementor elementor-995\" data-elementor-post-type=\"page\">\n\t\t\t\t\t\t<section class=\"elementor-section elementor-top-section elementor-element elementor-element-dd71eb9 elementor-section-boxed elementor-section-height-default elementor-section-height-default\" data-id=\"dd71eb9\" data-element_type=\"section\">\n\t\t\t\t\t\t<div class=\"elementor-container elementor-column-gap-default\">\n\t\t\t\t\t<div class=\"elementor-column elementor-col-100 elementor-top-column elementor-element elementor-element-3bc5074\" data-id=\"3bc5074\" data-element_type=\"column\">\n\t\t\t<div class=\"elementor-widget-wrap elementor-element-populated\">\n\t\t\t\t\t\t<div class=\"elementor-element elementor-element-74f3a92 elementor-widget elementor-widget-heading\" data-id=\"74f3a92\" data-element_type=\"widget\" data-widget_type=\"heading.default\">\n\t\t\t\t\t<h2 class=\"elementor-heading-title elementor-size-default\">A excel\u00eancia comprovada atrav\u00e9s da certifica\u00e7\u00e3o internacional.<\/h2>\t\t\t\t<\/div>\n\t\t\t\t<div class=\"elementor-element elementor-element-33a21af elementor-widget elementor-widget-heading\" data-id=\"33a21af\" data-element_type=\"widget\" data-widget_type=\"heading.default\">\n\t\t\t\t\t<h2 class=\"elementor-heading-title elementor-size-default\">S\u00e3o as suas decis\u00f5es e n\u00e3o as suas condi\u00e7\u00f5es, que determinam seu destino.<\/h2>\t\t\t\t<\/div>\n\t\t\t\t\t<\/div>\n\t\t<\/div>\n\t\t\t\t\t<\/div>\n\t\t<\/section>\n\t\t\t\t<section class=\"elementor-section elementor-top-section elementor-element elementor-element-9e52a72 elementor-section-boxed elementor-section-height-default elementor-section-height-default\" data-id=\"9e52a72\" data-element_type=\"section\">\n\t\t\t\t\t\t<div class=\"elementor-container elementor-column-gap-default\">\n\t\t\t\t\t<div class=\"elementor-column elementor-col-50 elementor-top-column elementor-element elementor-element-3255590\" data-id=\"3255590\" data-element_type=\"column\">\n\t\t\t<div class=\"elementor-widget-wrap elementor-element-populated\">\n\t\t\t\t\t\t<div class=\"elementor-element elementor-element-0c444f5 elementor-widget elementor-widget-heading\" data-id=\"0c444f5\" data-element_type=\"widget\" data-widget_type=\"heading.default\">\n\t\t\t\t\t<h2 class=\"elementor-heading-title elementor-size-default\">TOEIC<sup>\u00ae<\/sup> Listening &amp; Reading<\/h2>\t\t\t\t<\/div>\n\t\t\t\t<div class=\"elementor-element elementor-element-f5527d9 elementor-widget elementor-widget-text-editor\" data-id=\"f5527d9\" data-element_type=\"widget\" data-widget_type=\"text-editor.default\">\n\t\t\t\t\t\t\t\t\t<p>O TOEIC por mais de 30 anos tem sido o padr\u00e3o mundial para aferi\u00e7\u00e3o internacional no idioma ingl\u00eas para o mercado de trabalho. Hoje ele \u00e9 utilizado por mais de 14.000 empresas, ag\u00eancias governamentais e programas de idiomas em mais de 150 pa\u00edses. Mais de 8 milh\u00f5es de testes foram aplicados em 2014.<\/p>\t\t\t\t\t\t\t\t<\/div>\n\t\t\t\t<div class=\"elementor-element elementor-element-e722283 elementor-icon-list--layout-traditional elementor-list-item-link-full_width elementor-widget elementor-widget-icon-list\" data-id=\"e722283\" data-element_type=\"widget\" data-widget_type=\"icon-list.default\">\n\t\t\t\t\t\t\t<ul class=\"elementor-icon-list-items\">\n\t\t\t\t\t\t\t<li class=\"elementor-icon-list-item\">\n\t\t\t\t\t\t\t\t\t\t\t<span class=\"elementor-icon-list-icon\">\n\t\t\t\t\t\t\t<svg aria-hidden=\"true\" class=\"e-font-icon-svg e-fas-check\" viewBox=\"0 0 512 512\" xmlns=\"http:\/\/www.w3.org\/2000\/svg\"><path d=\"M173.898 439.404l-166.4-166.4c-9.997-9.997-9.997-26.206 0-36.204l36.203-36.204c9.997-9.998 26.207-9.998 36.204 0L192 312.69 432.095 72.596c9.997-9.997 26.207-9.997 36.204 0l36.203 36.204c9.997 9.997 9.997 26.206 0 36.204l-294.4 294.401c-9.998 9.997-26.207 9.997-36.204-.001z\"><\/path><\/svg>\t\t\t\t\t\t<\/span>\n\t\t\t\t\t\t\t\t\t\t<span class=\"elementor-icon-list-text\">Ajuda as empresas a ter colaboradores internacionalmente qualificados<\/span>\n\t\t\t\t\t\t\t\t\t<\/li>\n\t\t\t\t\t\t\t\t<li class=\"elementor-icon-list-item\">\n\t\t\t\t\t\t\t\t\t\t\t<span class=\"elementor-icon-list-icon\">\n\t\t\t\t\t\t\t<svg aria-hidden=\"true\" class=\"e-font-icon-svg e-fas-check\" viewBox=\"0 0 512 512\" xmlns=\"http:\/\/www.w3.org\/2000\/svg\"><path d=\"M173.898 439.404l-166.4-166.4c-9.997-9.997-9.997-26.206 0-36.204l36.203-36.204c9.997-9.998 26.207-9.998 36.204 0L192 312.69 432.095 72.596c9.997-9.997 26.207-9.997 36.204 0l36.203 36.204c9.997 9.997 9.997 26.206 0 36.204l-294.4 294.401c-9.998 9.997-26.207 9.997-36.204-.001z\"><\/path><\/svg>\t\t\t\t\t\t<\/span>\n\t\t\t\t\t\t\t\t\t\t<span class=\"elementor-icon-list-text\">Ferramenta na tomada de decis\u00e3o do RH<\/span>\n\t\t\t\t\t\t\t\t\t<\/li>\n\t\t\t\t\t\t\t\t<li class=\"elementor-icon-list-item\">\n\t\t\t\t\t\t\t\t\t\t\t<span class=\"elementor-icon-list-icon\">\n\t\t\t\t\t\t\t<svg aria-hidden=\"true\" class=\"e-font-icon-svg e-fas-check\" viewBox=\"0 0 512 512\" xmlns=\"http:\/\/www.w3.org\/2000\/svg\"><path d=\"M173.898 439.404l-166.4-166.4c-9.997-9.997-9.997-26.206 0-36.204l36.203-36.204c9.997-9.998 26.207-9.998 36.204 0L192 312.69 432.095 72.596c9.997-9.997 26.207-9.997 36.204 0l36.203 36.204c9.997 9.997 9.997 26.206 0 36.204l-294.4 294.401c-9.998 9.997-26.207 9.997-36.204-.001z\"><\/path><\/svg>\t\t\t\t\t\t<\/span>\n\t\t\t\t\t\t\t\t\t\t<span class=\"elementor-icon-list-text\">Comprova internacionalmente o n\u00edvel de ingl\u00eas dos profissionais<\/span>\n\t\t\t\t\t\t\t\t\t<\/li>\n\t\t\t\t\t\t\t\t<li class=\"elementor-icon-list-item\">\n\t\t\t\t\t\t\t\t\t\t\t<span class=\"elementor-icon-list-icon\">\n\t\t\t\t\t\t\t<svg aria-hidden=\"true\" class=\"e-font-icon-svg e-fas-check\" viewBox=\"0 0 512 512\" xmlns=\"http:\/\/www.w3.org\/2000\/svg\"><path d=\"M173.898 439.404l-166.4-166.4c-9.997-9.997-9.997-26.206 0-36.204l36.203-36.204c9.997-9.998 26.207-9.998 36.204 0L192 312.69 432.095 72.596c9.997-9.997 26.207-9.997 36.204 0l36.203 36.204c9.997 9.997 9.997 26.206 0 36.204l-294.4 294.401c-9.998 9.997-26.207 9.997-36.204-.001z\"><\/path><\/svg>\t\t\t\t\t\t<\/span>\n\t\t\t\t\t\t\t\t\t\t<span class=\"elementor-icon-list-text\">Universidades podem melhor preparar seus alunos para o mercado de trabalho<\/span>\n\t\t\t\t\t\t\t\t\t<\/li>\n\t\t\t\t\t\t\t\t<li class=\"elementor-icon-list-item\">\n\t\t\t\t\t\t\t\t\t\t\t<span class=\"elementor-icon-list-icon\">\n\t\t\t\t\t\t\t<svg aria-hidden=\"true\" class=\"e-font-icon-svg e-fas-check\" viewBox=\"0 0 512 512\" xmlns=\"http:\/\/www.w3.org\/2000\/svg\"><path d=\"M173.898 439.404l-166.4-166.4c-9.997-9.997-9.997-26.206 0-36.204l36.203-36.204c9.997-9.998 26.207-9.998 36.204 0L192 312.69 432.095 72.596c9.997-9.997 26.207-9.997 36.204 0l36.203 36.204c9.997 9.997 9.997 26.206 0 36.204l-294.4 294.401c-9.998 9.997-26.207 9.997-36.204-.001z\"><\/path><\/svg>\t\t\t\t\t\t<\/span>\n\t\t\t\t\t\t\t\t\t\t<span class=\"elementor-icon-list-text\">Avalia a profici\u00eancia dos candidatos dentro dos padr\u00f5es internacionais (CEFR)<\/span>\n\t\t\t\t\t\t\t\t\t<\/li>\n\t\t\t\t\t\t<\/ul>\n\t\t\t\t\t\t<\/div>\n\t\t\t\t<div class=\"elementor-element elementor-element-e73be1e elementor-widget elementor-widget-heading\" data-id=\"e73be1e\" data-element_type=\"widget\" data-widget_type=\"heading.default\">\n\t\t\t\t\t<h2 class=\"elementor-heading-title elementor-size-default\">Estrutura do Teste<\/h2>\t\t\t\t<\/div>\n\t\t\t\t<div class=\"elementor-element elementor-element-1437162 elementor-widget elementor-widget-toggle\" data-id=\"1437162\" data-element_type=\"widget\" data-widget_type=\"toggle.default\">\n\t\t\t\t\t\t\t<div class=\"elementor-toggle\">\n\t\t\t\t\t\t\t<div class=\"elementor-toggle-item\">\n\t\t\t\t\t<div id=\"elementor-tab-title-2111\" class=\"elementor-tab-title\" data-tab=\"1\" role=\"button\" aria-controls=\"elementor-tab-content-2111\" aria-expanded=\"false\">\n\t\t\t\t\t\t\t\t\t\t\t\t<span class=\"elementor-toggle-icon elementor-toggle-icon-left\" aria-hidden=\"true\">\n\t\t\t\t\t\t\t\t\t\t\t\t\t\t\t<span class=\"elementor-toggle-icon-closed\"><svg class=\"e-font-icon-svg e-fas-caret-right\" viewBox=\"0 0 192 512\" xmlns=\"http:\/\/www.w3.org\/2000\/svg\"><path d=\"M0 384.662V127.338c0-17.818 21.543-26.741 34.142-14.142l128.662 128.662c7.81 7.81 7.81 20.474 0 28.284L34.142 398.804C21.543 411.404 0 402.48 0 384.662z\"><\/path><\/svg><\/span>\n\t\t\t\t\t\t\t\t<span class=\"elementor-toggle-icon-opened\"><svg class=\"elementor-toggle-icon-opened e-font-icon-svg e-fas-caret-up\" viewBox=\"0 0 320 512\" xmlns=\"http:\/\/www.w3.org\/2000\/svg\"><path d=\"M288.662 352H31.338c-17.818 0-26.741-21.543-14.142-34.142l128.662-128.662c7.81-7.81 20.474-7.81 28.284 0l128.662 128.662c12.6 12.599 3.676 34.142-14.142 34.142z\"><\/path><\/svg><\/span>\n\t\t\t\t\t\t\t\t\t\t\t\t\t<\/span>\n\t\t\t\t\t\t\t\t\t\t\t\t<a class=\"elementor-toggle-title\" tabindex=\"0\">Listening Comprehension<\/a>\n\t\t\t\t\t<\/div>\n\n\t\t\t\t\t<div id=\"elementor-tab-content-2111\" class=\"elementor-tab-content elementor-clearfix\" data-tab=\"1\" role=\"region\" aria-labelledby=\"elementor-tab-title-2111\"><p><strong>Dura\u00e7\u00e3o:<\/strong>\u00a045 Minutos<br \/><strong>Quest\u00f5es:<\/strong>\u00a0100 m\u00faltipla escolha<br \/><strong>Fotografias:<\/strong>\u00a06 quest\u00f5es<br \/><strong>Pergunta &#8211; Resposta:<\/strong>\u00a025 quest\u00f5es<br \/><strong>Di\u00e1logos R\u00e1pidos:<\/strong>\u00a039 quest\u00f5es; 13 di\u00e1logos com 3 quest\u00f5es cada<br \/><strong>Di\u00e1logos Curtos:<\/strong>\u00a030 quest\u00f5es \u2013 10 di\u00e1logos com 3 quest\u00f5es cada<\/p><\/div>\n\t\t\t\t<\/div>\n\t\t\t\t\t\t\t<div class=\"elementor-toggle-item\">\n\t\t\t\t\t<div id=\"elementor-tab-title-2112\" class=\"elementor-tab-title\" data-tab=\"2\" role=\"button\" aria-controls=\"elementor-tab-content-2112\" aria-expanded=\"false\">\n\t\t\t\t\t\t\t\t\t\t\t\t<span class=\"elementor-toggle-icon elementor-toggle-icon-left\" aria-hidden=\"true\">\n\t\t\t\t\t\t\t\t\t\t\t\t\t\t\t<span class=\"elementor-toggle-icon-closed\"><svg class=\"e-font-icon-svg e-fas-caret-right\" viewBox=\"0 0 192 512\" xmlns=\"http:\/\/www.w3.org\/2000\/svg\"><path d=\"M0 384.662V127.338c0-17.818 21.543-26.741 34.142-14.142l128.662 128.662c7.81 7.81 7.81 20.474 0 28.284L34.142 398.804C21.543 411.404 0 402.48 0 384.662z\"><\/path><\/svg><\/span>\n\t\t\t\t\t\t\t\t<span class=\"elementor-toggle-icon-opened\"><svg class=\"elementor-toggle-icon-opened e-font-icon-svg e-fas-caret-up\" viewBox=\"0 0 320 512\" xmlns=\"http:\/\/www.w3.org\/2000\/svg\"><path d=\"M288.662 352H31.338c-17.818 0-26.741-21.543-14.142-34.142l128.662-128.662c7.81-7.81 20.474-7.81 28.284 0l128.662 128.662c12.6 12.599 3.676 34.142-14.142 34.142z\"><\/path><\/svg><\/span>\n\t\t\t\t\t\t\t\t\t\t\t\t\t<\/span>\n\t\t\t\t\t\t\t\t\t\t\t\t<a class=\"elementor-toggle-title\" tabindex=\"0\">Reading Comprehension<\/a>\n\t\t\t\t\t<\/div>\n\n\t\t\t\t\t<div id=\"elementor-tab-content-2112\" class=\"elementor-tab-content elementor-clearfix\" data-tab=\"2\" role=\"region\" aria-labelledby=\"elementor-tab-title-2112\"><p><strong>Dura\u00e7\u00e3o:<\/strong>\u00a075 Minutos<br \/><strong>Quest\u00f5es:<\/strong>\u00a0100 de m\u00faltipla escolha<br \/><strong>Frases Incompletas:<\/strong>\u00a030 quest\u00f5es<br \/><strong>Texto para completar:<\/strong>\u00a016 quest\u00f5es<br \/><strong>Interpreta\u00e7\u00f5es de textos:<\/strong>\u00a029 quest\u00f5es<br \/><strong>Interpreta\u00e7\u00f5es de texto duplos:<\/strong>\u00a025 quest\u00f5es<\/p><\/div>\n\t\t\t\t<\/div>\n\t\t\t\t\t\t\t<div class=\"elementor-toggle-item\">\n\t\t\t\t\t<div id=\"elementor-tab-title-2113\" class=\"elementor-tab-title\" data-tab=\"3\" role=\"button\" aria-controls=\"elementor-tab-content-2113\" aria-expanded=\"false\">\n\t\t\t\t\t\t\t\t\t\t\t\t<span class=\"elementor-toggle-icon elementor-toggle-icon-left\" aria-hidden=\"true\">\n\t\t\t\t\t\t\t\t\t\t\t\t\t\t\t<span class=\"elementor-toggle-icon-closed\"><svg class=\"e-font-icon-svg e-fas-caret-right\" viewBox=\"0 0 192 512\" xmlns=\"http:\/\/www.w3.org\/2000\/svg\"><path d=\"M0 384.662V127.338c0-17.818 21.543-26.741 34.142-14.142l128.662 128.662c7.81 7.81 7.81 20.474 0 28.284L34.142 398.804C21.543 411.404 0 402.48 0 384.662z\"><\/path><\/svg><\/span>\n\t\t\t\t\t\t\t\t<span class=\"elementor-toggle-icon-opened\"><svg class=\"elementor-toggle-icon-opened e-font-icon-svg e-fas-caret-up\" viewBox=\"0 0 320 512\" xmlns=\"http:\/\/www.w3.org\/2000\/svg\"><path d=\"M288.662 352H31.338c-17.818 0-26.741-21.543-14.142-34.142l128.662-128.662c7.81-7.81 20.474-7.81 28.284 0l128.662 128.662c12.6 12.599 3.676 34.142-14.142 34.142z\"><\/path><\/svg><\/span>\n\t\t\t\t\t\t\t\t\t\t\t\t\t<\/span>\n\t\t\t\t\t\t\t\t\t\t\t\t<a class=\"elementor-toggle-title\" tabindex=\"0\">Avaliados com Necessidades Especiais<\/a>\n\t\t\t\t\t<\/div>\n\n\t\t\t\t\t<div id=\"elementor-tab-content-2113\" class=\"elementor-tab-content elementor-clearfix\" data-tab=\"3\" role=\"region\" aria-labelledby=\"elementor-tab-title-2113\"><p class=\"titulos\">Avaliados com Necessidades Especiais<\/p><p>A ETS e seus representantes autorizados est\u00e3o comprometidos a disponibilizar aos candidatos portadores de defici\u00eancia servi\u00e7os e acomoda\u00e7\u00f5es apropriados aos prop\u00f3sitos do teste. As acomoda\u00e7\u00f5es especiais est\u00e3o dispon\u00edveis aos candidatos que atendam aos requisitos necess\u00e1rios.<\/p><p>Todas as solicita\u00e7\u00f5es para acomoda\u00e7\u00f5es especiais devem ser aprovadas de acordo com as pol\u00edticas e procedimentos da ETS e\/ou de seus representantes autorizados locais e devem ser encaminhadas atrav\u00e9s do formul\u00e1rio Solicita\u00e7\u00e3o para Acomoda\u00e7\u00f5es Especiais. Consulte o manual do avaliando <a href=\"https:\/\/www.ets.org\/disabilities\/documentation\/\" target=\"_blank\" rel=\"noopener\">Clique aqui<\/a><\/p><p>\u00c9 necess\u00e1rio que a ETS e o representantes autorizados em sua localidade analisem a documenta\u00e7\u00e3o enviada a fim de fornecer acomoda\u00e7\u00f5es apropriadas. Sendo assim, todos os candidatos que solicitarem tais acomoda\u00e7\u00f5es devem inscrever-se atrav\u00e9s de um representantes autorizados.<\/p><p>A an\u00e1lise da documenta\u00e7\u00e3o requer aproximadamente seis semanas contadas a partir do momento em que toda a documenta\u00e7\u00e3o necess\u00e1ria tenha sido enviada.<\/p><\/div>\n\t\t\t\t<\/div>\n\t\t\t\t\t\t\t<div class=\"elementor-toggle-item\">\n\t\t\t\t\t<div id=\"elementor-tab-title-2114\" class=\"elementor-tab-title\" data-tab=\"4\" role=\"button\" aria-controls=\"elementor-tab-content-2114\" aria-expanded=\"false\">\n\t\t\t\t\t\t\t\t\t\t\t\t<span class=\"elementor-toggle-icon elementor-toggle-icon-left\" aria-hidden=\"true\">\n\t\t\t\t\t\t\t\t\t\t\t\t\t\t\t<span class=\"elementor-toggle-icon-closed\"><svg class=\"e-font-icon-svg e-fas-caret-right\" viewBox=\"0 0 192 512\" xmlns=\"http:\/\/www.w3.org\/2000\/svg\"><path d=\"M0 384.662V127.338c0-17.818 21.543-26.741 34.142-14.142l128.662 128.662c7.81 7.81 7.81 20.474 0 28.284L34.142 398.804C21.543 411.404 0 402.48 0 384.662z\"><\/path><\/svg><\/span>\n\t\t\t\t\t\t\t\t<span class=\"elementor-toggle-icon-opened\"><svg class=\"elementor-toggle-icon-opened e-font-icon-svg e-fas-caret-up\" viewBox=\"0 0 320 512\" xmlns=\"http:\/\/www.w3.org\/2000\/svg\"><path d=\"M288.662 352H31.338c-17.818 0-26.741-21.543-14.142-34.142l128.662-128.662c7.81-7.81 20.474-7.81 28.284 0l128.662 128.662c12.6 12.599 3.676 34.142-14.142 34.142z\"><\/path><\/svg><\/span>\n\t\t\t\t\t\t\t\t\t\t\t\t\t<\/span>\n\t\t\t\t\t\t\t\t\t\t\t\t<a class=\"elementor-toggle-title\" tabindex=\"0\">Prepare-se para o Teste<\/a>\n\t\t\t\t\t<\/div>\n\n\t\t\t\t\t<div id=\"elementor-tab-content-2114\" class=\"elementor-tab-content elementor-clearfix\" data-tab=\"4\" role=\"region\" aria-labelledby=\"elementor-tab-title-2114\"><p><span class=\"titulos\">Prepare-se<strong> para o\u00a0<\/strong><em><strong>TOEIC\u00ae Listening &amp; Reading<\/strong><\/em><\/span><br \/><span class=\"fonte-raiz\">Pratique hoje mesmo! Veja os recursos que poder\u00e3o lhe ajudar a maximizar sua pontua\u00e7\u00e3o:<\/span><\/p><p><span class=\"titulos\"><strong>Simulados<\/strong><\/span><br \/><span class=\"fonte-raiz\">Adquira 5 vers\u00f5es do simulado TOEIC Online. Voc\u00ea poder\u00e1 praticar durante 6 meses ap\u00f3s a libera\u00e7\u00e3o do acesso, com simulados validados por sua semelhan\u00e7a com o teste oficial! Para mais informa\u00e7\u00f5es,\u00a0<strong><em><a href=\"https:\/\/upstore.uplanguage.com\/produto\/simulado-toeic\/\" target=\"_blank\" rel=\"noopener\">clique aqui<\/a>.<\/em><\/strong><\/span><\/p><p><span class=\"titulos\"><strong>Preparat\u00f3rio TOEIC Online<\/strong><\/span><br \/><span class=\"fonte-raiz\">Por mais de oito anos, nosso Preparat\u00f3rio Online tem preparado estudantes em todo o mundo para o Teste TOEIC\u00ae oficial. O participante tem acesso a milhares de quest\u00f5es preparat\u00f3rias focadas nas compet\u00eancias que precisa desenvolver para um bom desempenho no teste. Para mais informa\u00e7\u00f5es,\u00a0<strong><em><a href=\"https:\/\/upstore.uplanguage.com\/categoria-produto\/preparatorios\/\" target=\"_blank\" rel=\"noopener\">clique aqui.<\/a><\/em><\/strong><\/span><\/p><p><strong class=\"titulos\">UP Language\u00a0<strong><em>TOEIC\u00ae<\/em><\/strong><em>\u00a0<\/em>Prep Course<\/strong><br \/>Acesso a milhares de quest\u00f5es preparat\u00f3rias focadas nas compet\u00eancias que precisa desenvolver para um bom desempenho no teste.<\/p><p>Indicado para pessoas que est\u00e3o com um prazo curto para agendar o teste e querem maximizar seu resultado, aprendendo as principais estrat\u00e9gias de como obter uma boa pontua\u00e7\u00e3o.<\/p><p>Carga hor\u00e1ria total: 20 horas;<br \/>Teste de nivelamento preliminar;<br \/>Foco no teste: formato das quest\u00f5es, estrat\u00e9gias de respostas, administra\u00e7\u00e3o do tempo do teste;<br \/>Feedback sobre erros e acertos;<br \/>Professores especializados, com certifica\u00e7\u00e3o internacional;<br \/>Sess\u00f5es agendadas em datas e hor\u00e1rios de acordo com a sua disponibilidade.<\/p><p>Para maiores informa\u00e7\u00f5es envie um e-mail para <strong>roseli@uplanguage.com.br<\/strong> ou ligue para <strong>11 3654-1322<\/strong><\/p><\/div>\n\t\t\t\t<\/div>\n\t\t\t\t\t\t\t<div class=\"elementor-toggle-item\">\n\t\t\t\t\t<div id=\"elementor-tab-title-2115\" class=\"elementor-tab-title\" data-tab=\"5\" role=\"button\" aria-controls=\"elementor-tab-content-2115\" aria-expanded=\"false\">\n\t\t\t\t\t\t\t\t\t\t\t\t<span class=\"elementor-toggle-icon elementor-toggle-icon-left\" aria-hidden=\"true\">\n\t\t\t\t\t\t\t\t\t\t\t\t\t\t\t<span class=\"elementor-toggle-icon-closed\"><svg class=\"e-font-icon-svg e-fas-caret-right\" viewBox=\"0 0 192 512\" xmlns=\"http:\/\/www.w3.org\/2000\/svg\"><path d=\"M0 384.662V127.338c0-17.818 21.543-26.741 34.142-14.142l128.662 128.662c7.81 7.81 7.81 20.474 0 28.284L34.142 398.804C21.543 411.404 0 402.48 0 384.662z\"><\/path><\/svg><\/span>\n\t\t\t\t\t\t\t\t<span class=\"elementor-toggle-icon-opened\"><svg class=\"elementor-toggle-icon-opened e-font-icon-svg e-fas-caret-up\" viewBox=\"0 0 320 512\" xmlns=\"http:\/\/www.w3.org\/2000\/svg\"><path d=\"M288.662 352H31.338c-17.818 0-26.741-21.543-14.142-34.142l128.662-128.662c7.81-7.81 20.474-7.81 28.284 0l128.662 128.662c12.6 12.599 3.676 34.142-14.142 34.142z\"><\/path><\/svg><\/span>\n\t\t\t\t\t\t\t\t\t\t\t\t\t<\/span>\n\t\t\t\t\t\t\t\t\t\t\t\t<a class=\"elementor-toggle-title\" tabindex=\"0\">Examinee Handbook<\/a>\n\t\t\t\t\t<\/div>\n\n\t\t\t\t\t<div id=\"elementor-tab-content-2115\" class=\"elementor-tab-content elementor-clearfix\" data-tab=\"5\" role=\"region\" aria-labelledby=\"elementor-tab-title-2115\"><p>Manual do avaliando <a href=\"https:\/\/www.ets.org\/s\/toeic\/pdf\/examinee-handbook-for-toeic-listening-reading-test-updated.pdf\" target=\"_blank\" rel=\"noopener\">Clique aqui<\/a><\/p><\/div>\n\t\t\t\t<\/div>\n\t\t\t\t\t\t\t<div class=\"elementor-toggle-item\">\n\t\t\t\t\t<div id=\"elementor-tab-title-2116\" class=\"elementor-tab-title\" data-tab=\"6\" role=\"button\" aria-controls=\"elementor-tab-content-2116\" aria-expanded=\"false\">\n\t\t\t\t\t\t\t\t\t\t\t\t<span class=\"elementor-toggle-icon elementor-toggle-icon-left\" aria-hidden=\"true\">\n\t\t\t\t\t\t\t\t\t\t\t\t\t\t\t<span class=\"elementor-toggle-icon-closed\"><svg class=\"e-font-icon-svg e-fas-caret-right\" viewBox=\"0 0 192 512\" xmlns=\"http:\/\/www.w3.org\/2000\/svg\"><path d=\"M0 384.662V127.338c0-17.818 21.543-26.741 34.142-14.142l128.662 128.662c7.81 7.81 7.81 20.474 0 28.284L34.142 398.804C21.543 411.404 0 402.48 0 384.662z\"><\/path><\/svg><\/span>\n\t\t\t\t\t\t\t\t<span class=\"elementor-toggle-icon-opened\"><svg class=\"elementor-toggle-icon-opened e-font-icon-svg e-fas-caret-up\" viewBox=\"0 0 320 512\" xmlns=\"http:\/\/www.w3.org\/2000\/svg\"><path d=\"M288.662 352H31.338c-17.818 0-26.741-21.543-14.142-34.142l128.662-128.662c7.81-7.81 20.474-7.81 28.284 0l128.662 128.662c12.6 12.599 3.676 34.142-14.142 34.142z\"><\/path><\/svg><\/span>\n\t\t\t\t\t\t\t\t\t\t\t\t\t<\/span>\n\t\t\t\t\t\t\t\t\t\t\t\t<a class=\"elementor-toggle-title\" tabindex=\"0\">Agende seu Teste<\/a>\n\t\t\t\t\t<\/div>\n\n\t\t\t\t\t<div id=\"elementor-tab-content-2116\" class=\"elementor-tab-content elementor-clearfix\" data-tab=\"6\" role=\"region\" aria-labelledby=\"elementor-tab-title-2116\"><p>A UP Language realiza v\u00e1rias sess\u00f5es semanais de aplica\u00e7\u00e3o do\u00a0<em><strong>Teste TOEIC<\/strong><\/em><strong><em>\u00ae<\/em><\/strong>, em nosso centro de aplica\u00e7\u00f5es no\u00a0<b>Villa Lobos<\/b>\u00a0em S\u00e3o Paulo e\u00a0<strong>Alphaville<\/strong>\u00a0em Barueri.<br \/>Veja abaixo as sess\u00f5es dispon\u00edveis:<\/p><p><strong>Villa Lobos | S\u00e3o Paulo<\/strong><\/p><ul><li>Segundas e Quartas-feiras \u00e0s 14h<\/li><li>Quintas e Sextas-feiras \u00e0s 9h.<\/li><\/ul><p><strong>Alphaville | Barueri<\/strong><\/p><ul><li>Ter\u00e7as-feiras \u00e0s 14h<\/li><\/ul><p>Para avaliados alocados fora de S\u00e3o Paulo, temos mais de 100 centros aplicadores credenciados em todo o Brasil.<a href=\"https:\/\/uplanguage.com\/toeic\/?page_id=191\" target=\"_blank\" rel=\"noopener noreferrer\">\u00a0<em><strong>Clique aqui<\/strong><\/em><\/a>\u00a0para acessar a lista dos nossos centros aplicadores.<\/p><p>Voc\u00ea pode agendar seu\u00a0<strong><em>Teste TOEIC\u00ae<\/em><\/strong>\u00a0pelo telefone (11) 3654-1322 ou\u00a0<b><a href=\"mailto:agendamento@uplanguage.com\" target=\"_blank\" rel=\"noopener\">agendamento@uplanguage.com<\/a><\/b>\u00a0.<\/p><p>O investimento para realizar seu<em>\u00a0<strong>Teste TOEIC\u00ae<\/strong>\u00a0L&amp;R \u00e9 de\u00a0<strong>R$\u00a0<b>480<\/b>,00<\/strong>\u00a0<\/em>que contempla o envio do score roster (resultado eletr\u00f4nico) e score report (resultado impresso).<\/p><p>Para o agendamento online,\u00a0<a href=\"https:\/\/www.uplanguage.com.br\/toeic\/agendamento\/\" target=\"_blank\" rel=\"noopener noreferrer\">clique aqui<\/a>. O pagamento poder\u00e1 ser feito com boleto banc\u00e1rio ou parcelado no cart\u00e3o de cr\u00e9dito.\u00a0<\/p><\/div>\n\t\t\t\t<\/div>\n\t\t\t\t\t\t\t\t<\/div>\n\t\t\t\t\t\t<\/div>\n\t\t\t\t<div class=\"elementor-element elementor-element-c4469e6 elementor-widget elementor-widget-text-editor\" data-id=\"c4469e6\" data-element_type=\"widget\" data-widget_type=\"text-editor.default\">\n\t\t\t\t\t\t\t\t\t<p>Para realizar o teste Toeic L&amp;R vers\u00e3o online, <a href=\"https:\/\/www.resultadostoeic.com.br\/toeiconline\/\" target=\"_blank\" rel=\"noopener\">Clique aqui<\/a> e conhe\u00e7a os crit\u00e9rios e configura\u00e7\u00f5es.<\/p>\t\t\t\t\t\t\t\t<\/div>\n\t\t\t\t\t<\/div>\n\t\t<\/div>\n\t\t\t\t<div class=\"elementor-column elementor-col-50 elementor-top-column elementor-element elementor-element-b8f3ab4\" data-id=\"b8f3ab4\" data-element_type=\"column\">\n\t\t\t<div class=\"elementor-widget-wrap elementor-element-populated\">\n\t\t\t\t\t\t<div class=\"elementor-element elementor-element-1a8527c elementor-widget elementor-widget-image\" data-id=\"1a8527c\" data-element_type=\"widget\" data-widget_type=\"image.default\">\n\t\t\t\t\t\t\t\t\t\t\t\t\t\t\t<img fetchpriority=\"high\" decoding=\"async\" width=\"530\" height=\"420\" src=\"https:\/\/uplanguage.com\/toeic\/wp-content\/uploads\/2021\/03\/blog_1.jpg\" class=\"attachment-large size-large wp-image-712\" alt=\"toeic brasil uplanguage exame toeic no brasil\" srcset=\"https:\/\/uplanguage.com\/toeic\/wp-content\/uploads\/2021\/03\/blog_1.jpg 530w, https:\/\/uplanguage.com\/toeic\/wp-content\/uploads\/2021\/03\/blog_1-300x238.jpg 300w\" sizes=\"(max-width: 530px) 100vw, 530px\" \/>\t\t\t\t\t\t\t\t\t\t\t\t\t\t\t<\/div>\n\t\t\t\t\t<\/div>\n\t\t<\/div>\n\t\t\t\t\t<\/div>\n\t\t<\/section>\n\t\t\t\t<\/div>\n\t\t","protected":false},"excerpt":{"rendered":"<p>A excel\u00eancia comprovada atrav\u00e9s da certifica\u00e7\u00e3o internacional. S\u00e3o as suas decis\u00f5es e n\u00e3o as suas condi\u00e7\u00f5es, que determinam seu destino. TOEIC\u00ae Listening &#038; Reading O TOEIC por mais de 30 anos tem sido o padr\u00e3o mundial para aferi\u00e7\u00e3o internacional no idioma ingl\u00eas para o mercado de trabalho. Hoje ele \u00e9 utilizado por mais de 14.000 [&hellip;]<\/p>\n","protected":false},"author":1,"featured_media":0,"parent":0,"menu_order":0,"comment_status":"closed","ping_status":"closed","template":"elementor_header_footer","meta":{"_monsterinsights_skip_tracking":false,"_monsterinsights_sitenote_active":false,"_monsterinsights_sitenote_note":"","_monsterinsights_sitenote_category":0,"footnotes":""},"class_list":["post-995","page","type-page","status-publish","hentry","entry"],"aioseo_notices":[],"_links":{"self":[{"href":"https:\/\/uplanguage.com\/toeic\/wp-json\/wp\/v2\/pages\/995","targetHints":{"allow":["GET"]}}],"collection":[{"href":"https:\/\/uplanguage.com\/toeic\/wp-json\/wp\/v2\/pages"}],"about":[{"href":"https:\/\/uplanguage.com\/toeic\/wp-json\/wp\/v2\/types\/page"}],"author":[{"embeddable":true,"href":"https:\/\/uplanguage.com\/toeic\/wp-json\/wp\/v2\/users\/1"}],"replies":[{"embeddable":true,"href":"https:\/\/uplanguage.com\/toeic\/wp-json\/wp\/v2\/comments?post=995"}],"version-history":[{"count":14,"href":"https:\/\/uplanguage.com\/toeic\/wp-json\/wp\/v2\/pages\/995\/revisions"}],"predecessor-version":[{"id":1567,"href":"https:\/\/uplanguage.com\/toeic\/wp-json\/wp\/v2\/pages\/995\/revisions\/1567"}],"wp:attachment":[{"href":"https:\/\/uplanguage.com\/toeic\/wp-json\/wp\/v2\/media?parent=995"}],"curies":[{"name":"wp","href":"https:\/\/api.w.org\/{rel}","templated":true}]}}